 the highest common factor of 36 and 957335598.
18
What is the highest common divisor of 3559167 and 8784?
549
Calculate the highest common factor of 59093300 and 2870.
2870
What is the highest common factor of 3510 and 142389?
117
What is the greatest common divisor of 2355 and 14521755?
15
What is the greatest common divisor of 901583 and 21783?
53
Calculate the greatest common divisor of 3063781 and 98336.
3073
What is the greatest common divisor of 52 and 1340326?
26
What is the highest common divisor of 1044 and 32617953?
261
Calculate the highest common factor of 737097 and 173679.
831
What is the greatest common divisor of 3520 and 17810496?
704
Calculate the greatest common factor of 10752840 and 900.
180
Calculate the greatest common divisor of 1025593 and 85.
17
What is the greatest common divisor of 2448 and 3254480?
272
Calculate the highest common divisor of 46917540 and 12.
12
What is the greatest common divisor of 519867 and 99828?
423
What is the highest common divisor of 173414717 and 35?
7
What is the highest common factor of 23092 and 194074?
46
Calculate the highest common factor of 75827048 and 22.
22
Calculate the highest common divisor of 243782519 and 1286.
643
Calculate the greatest common factor of 13220274 and 1076.
538
Calculate the greatest common divisor of 22260745 and 10045.
205
Calculate the highest common divisor of 90792 and 7982.
26
Calculate the highest common divisor of 8500470 and 450.
30
What is the greatest common factor of 84637672 and 84?
28
What is the greatest common factor of 1062602 and 38284?
34
Calculate the highest common factor of 21714224 and 960.
16
What is the greatest common factor of 1284856 and 3496?
152
What is the greatest common factor of 5418 and 46321191?
2709
What is the highest common divisor of 101 and 96034?
1
Calculate the greatest common divisor of 1335 and 1187025.
15
What is the greatest common divisor of 2312 and 308856?
136
Calculate the highest common divisor of 101 and 4179077.
101
What is the highest common factor of 1616 and 27302522?
202
Calculate the highest common divisor of 90520 and 56110.
310
Calculate the highest common factor of 22110 and 44715.
165
What is the greatest common factor of 250966404 and 46440?
4644
What is the greatest common divisor of 72 and 51734610?
18
Calculate the greatest common factor of 28293 and 261.
3
Calculate the highest common divisor of 2158574 and 3894.
1298
What is the greatest common divisor of 591300 and 4599?
657
Calculate the greatest common factor of 376 and 2892893992.
376
What is the highest common factor of 24388674 and 16086?
2298
Calculate the greatest common divisor of 21345300 and 225.
225
What is the greatest common factor of 578438 and 404802?
1046
Calculate the greatest common divisor of 1741068 and 3525.
141
Calculate the highest common divisor of 44010461 and 11.
11
What is the greatest common divisor of 705129 and 360?
3
Calculate the highest common factor of 84881745 and 78.
39
What is the highest common factor of 250379929 and 6954?
1159
What is the greatest common factor of 172 and 133409736?
172
Calculate the greatest common divisor of 581256 and 3403816.
2392
Calculate the highest common divisor of 34786331 and 397.
397
What is the greatest common divisor of 193232459 and 25767?
2863
Calculate the highest common factor of 6954 and 63852882.
114
What is the greatest common divisor of 187356 and 24960?
156
Calculate the greatest common divisor of 38557261 and 123.
41
What is the highest common divisor of 13544960 and 2574?
286
What is the greatest common divisor of 642635 and 1669045?
1505
Calculate the highest common factor of 489098 and 1098.
122
Calculate the highest common divisor of 93492 and 723132.
1908
What is the highest common factor of 33872285 and 25?
5
What is the greatest common divisor of 422 and 37066792?
422
Calculate the highest common divisor of 11014472 and 56.
56
What is the greatest common factor of 15 and 78506460?
15
What is the greatest common divisor of 410905 and 30640555?
1705
What is the highest common factor of 92988231 and 189?
21
What is the greatest common divisor of 39059325 and 335?
335
Calculate the highest common divisor of 555680 and 501280.
160
Calculate the greatest common factor of 2235 and 368169315.
2235
What is the highest common factor of 2586097 and 1374?
229
What is the highest common divisor of 16016 and 11792?
176
What is the highest common divisor of 485 and 78120017?
97
Calculate the greatest common divisor of 510313686 and 141.
141
What is the greatest common factor of 3492903 and 57?
57
What is the highest common factor of 198576 and 73875?
591
Calculate the greatest common divisor of 189 and 4720737.
21
Calculate the highest common divisor of 174915 and 30585.
15
Calculate the greatest common factor of 285 and 1981947.
57
Calculate the highest common divisor of 166835420 and 10.
10
Calculate the greatest common divisor of 180700 and 4160.
260
Calculate the greatest common divisor of 6778706 and 22528.
22
Calculate the highest common divisor of 1925 and 176707850.
275
Calculate the highest common divisor of 8442 and 1710711.
603
What is the greatest common factor of 418758 and 1032624?
426
Calculate the greatest common factor of 2 and 4227878.
2
Calculate the greatest common divisor of 104 and 45360575.
13
What is the highest common divisor of 66876 and 10428?
12
Calculate the greatest common divisor of 9477 and 575991.
1053
Calculate the highest common factor of 987 and 4140003.
21
What is the highest common factor of 11494 and 387814?
14
Calculate the greatest common factor of 10032 and 107808.
48
Calculate the highest common factor of 11440 and 59549360.
1040
Calculate the highest common factor of 7970 and 114770.
10
What is the greatest common factor of 1874578 and 38?
38
What is the highest common divisor of 10043 and 1079332?
83
What is the greatest common divisor of 8484438 and 258?
6
Calculate the highest common factor of 5292 and 214407.
27
What is the greatest common factor of 4296 and 342051816?
4296
What is the greatest common divisor of 486058751 and 19055?
3811
What is the highest common factor of 358252349 and 637?
91
What is the greatest common divisor of 264917 and 300979?
1387
Calculate the highest common factor of 7987 and 1451009.
7
What is the highest common factor of 159770 and 390770?
10
Calculate the greatest common factor of 152227 and 1153831.
191
What is the highest common divisor of 20393004 and 684?
228
What is the highest common divisor of 270480204 and 3357?
3357
Calculate the highest common factor of 61256265 and 4263.
609
What is the greatest common divisor of 246 and 68185542?
246
What is the highest common divisor of 189766 and 80?
2
Calculate the greatest common factor of 36723295 and 2185.
2185
What is the greatest common divisor of 1626291 and 66933?
1809
What is the greatest common factor of 49443 and 5904?
3
What is the highest common divisor of 3810910 and 174578?
4258
What is the greatest common divisor of 1352 and 238808?
8
Calculate the greatest common factor of 4068513 and 261.
9
What is the highest common divisor of 20722 and 526817?
797
What is the greatest common factor of 1580 and 7374808?
316
Calculate the highest common divisor of 1049626 and 2552.
58
Calculate the greatest common divisor of 8584227 and 2213.
2213
Calculate the greatest common factor of 842 and 22744104.
842
Calculate the greatest common factor of 24 and 2954892.
12
Calculate the highest common factor of 1791461 and 7.
7
What is the highest common factor of 4752 and 3595968?
432
Calculate the greatest common divisor of 19004216 and 1848.
616
What is the highest common factor of 756716860 and 20?
20
What is the highest common factor of 43492 and 44488?
332
What is the highest common factor of 46872 and 194838?
42
What is the greatest common divisor of 385140294 and 107?
107
What is the highest common divisor of 1226 and 19374478?
1226
Calculate the greatest common divisor of 79819 and 3083.
1
What is the greatest common divisor of 12948 and 7170868?
332
What is the highest common divisor of 5996 and 34079765?
1499
Calculate the highest common divisor of 257 and 93247310.
257
Calculate the highest common factor of 8520 and 19027290.
2130
